t 14b25 (base 13) to base 16.
9947
What is 211112010 (base 3) in base 15?
4ce9
What is b104 (base 13) in base 3?
1020101111
Convert 3166 (base 7) to base 4.
101212
What is -2322233 (base 4) in base 3?
-121101122
What is -57398 (base 10) in base 9?
-86655
Convert -5132 (base 9) to base 16.
-eab
120 (base 14) to base 3
22022
Convert 75c (base 14) to base 3.
1222212
What is -634 (base 14) in base 11?
-a11
-231 (base 14) to base 5
-3220
Convert 5f8 (base 16) to base 7.
4312
-164 (base 16) to base 8
-544
What is 240a (base 11) in base 16?
c54
-57530 (base 9) to base 7
-216531
Convert -12ad (base 14) to base 12.
-1aa1
What is -162a8 (base 11) in base 15?
-6c27
What is -10110110011 (base 2) in base 9?
-2001
-211 (base 15) to base 11
-394
253053 (base 6) to base 13
a452
168 (base 16) to base 15
190
What is 112 (base 11) in base 4?
2012
What is 762 (base 10) in base 4?
23322
What is -111112101 (base 3) in base 5?
-303430
Convert 2795 (base 11) to base 6.
24421
1b8 (base 15) to base 13
248
3c16 (base 16) to base 3
210002201
What is 25e (base 16) in base 9?
743
-8439 (base 11) to base 15
-349e
What is 1a2 (base 11) in base 12?
175
-760d (base 15) to base 14
-916c
What is 1601 (base 8) in base 6?
4053
What is -103 (base 15) in base 16?
-e4
What is -11002 (base 4) in base 2?
-101000010
-12100 (base 5) to base 14
-484
-3551 (base 9) to base 10
-2638
What is -34565 (base 8) in base 15?
-4559
Convert 17c9 (base 13) to base 8.
6731
What is -1110323 (base 4) in base 15?
-1925
What is -15833 (base 10) in base 6?
-201145
4500 (base 6) to base 9
1380
30832 (base 12) to base 9
105862
Convert -21102 (base 4) to base 16.
-252
What is -720 (base 9) in base 2?
-1001001001
Convert -10110110011100 (base 2) to base 14.
-4380
Convert 1045 (base 7) to base 13.
22c
Convert -290 (base 14) to base 2.
-1000000110
What is 22332 (base 8) in base 13?
43a9
What is 19a4 (base 11) in base 7?
10250
What is -804 (base 15) in base 10?
-1804
-a51 (base 16) to base 7
-10462
-21311 (base 4) to base 12
-445
What is -206 (base 7) in base 13?
-80
What is 3022 (base 5) in base 4?
12003
Convert 3731 (base 9) to base 6.
20514
153 (base 6) to base 8
105
38c4 (base 14) to base 11
7546
5201 (base 6) to base 13
6a9
-1111010110 (base 2) to base 5
-12412
What is 4333 (base 14) in base 3?
120220222
41556 (base 7) to base 5
311413
What is -2434 (base 6) in base 14?
-30a
Convert -80760 (base 9) to base 4.
-30331311
What is -223 (base 11) in base 14?
-151
Convert 10011010101 (base 2) to base 12.
871
Convert 122220200 (base 3) to base 6.
140243
What is 81d (base 14) in base 16?
63b
Convert 16685 (base 11) to base 5.
1222241
251512 (base 6) to base 2
101011110100100
Convert 2129 (base 12) to base 2.
111000110001
10022200 (base 3) to base 9
3280
Convert 77115 (base 8) to base 2.
111111001001101
Convert -32133330 (base 4) to base 3.
-10000110120
Convert -f6d8 (base 16) to base 7.
-352143
What is 1022100 (base 3) in base 11?
798
What is -4445 (base 12) in base 7?
-30662
Convert 4f1d (base 16) to base 6.
233433
-43333 (base 5) to base 10
-2968
What is 3113203 (base 4) in base 13?
6382
What is -144542 (base 8) in base 7?
-303206
Convert 13e3 (base 15) to base 6.
31423
What is 22040 (base 7) in base 12?
3238
What is 2530 (base 11) in base 7?
12423
What is 323213 (base 4) in base 13?
1976
852 (base 15) to base 8
3525
Convert -2abd (base 16) to base 9.
-16006
Convert -9c63 (base 14) to base 15.
-8090
What is -151 (base 10) in base 14?
-ab
2005 (base 7) to base 14
375
14128 (base 12) to base 4
12302300
Convert 5d90 (base 16) to base 7.
126555
What is 35220 (base 10) in base 8?
104624
Convert 1020 (base 4) to base 15.
4c
9833 (base 12) to base 7
66546
What is 9dd5 (base 14) in base 11?
19678
Convert 12531 (base 6) to base 10.
1927
-5189 (base 13) to base 6
-124055
What is -2221 (base 6) in base 11?
-430
What is 141 (base 16) in base 10?
321
-1110001010111 (base 2) to base 7
-30103
Convert -135 (base 15) to base 10.
-275
Convert 4241 (base 5) to base 12.
3b7
What is -291 (base 10) in base 9?
-353
Convert -1021002002 (base 3) to base 11.
-17734
-34142 (base 5) to base 4
-211312
What is -22125 (base 7) in base 2?
-1010110110100
What is 2220010121 (base 3) in base 10?
56959
Convert -13752 (base 8) to base 7.
-23564
Convert -306 (base 10) to base 11.
-259
156 (base 14) to base 7
536
3545 (base 8) to base 9
2533
Convert 355004 (base 6) to base 8.
74254
-4234 (base 10) to base 8
-10212
Convert 619 (base 13) to base 9.
1371
Convert -798a (base 12) to base 3.
-200111221
What is -2115 (base 8) in base 4?
-101031
-10000010010101 (base 2) to base 14
-307b
Convert 4635 (base 14) to base 5.
342244
Convert -1ad (base 16) to base 13.
-270
What is 100112101 (base 3) in base 5?
210244
Convert -4426 (base 8) to base 5.
-33301
Convert -13235 (base 9) to base 8.
-21356
What is -341041 (base 5) in base 7?
-50022
1279 (base 10) to base 5
20104
Convert 660 (base 13) to base 3.
1111110
Convert 21048 (base 14) to base 9.
131218
Convert 1232 (base 6) to base 4.
10310
-2203 (base 7) to base 10
-787
What is -79 (base 12) in base 5?
-333
-314 (base 12) to base 6
-2024
Convert -2598 (base 11) to base 3.
-11121222
What is -332200 (base 4) in base 16?
-fa0
What is -196 (base 15) in base 11?
-303
What is -3 (base 16) in base 15?
-3
Convert 64d4 (base 16) to base 11.
18436
What is 25163 (base 8) in base 9?
15814
What is -333033 (base 4) in base 5?
-112142
What is -10403 (base 5) in base 9?
-888
Convert -23354 (base 6) to base 10.
-3382
What is 10201120 (base 3) in base 15?
c10
Convert 12222211 (base 3) to base 5.
114434
Convert -243a6 (base 11) to base 12.
-18379
110000101 (base 3) to base 7
34351
-780 (base 14) to base 12
-a38
11011100110 (base 2) to base 10
1766
What is -2011 (base 11) in base 3?
-10200001
-1313 (base 6) to base 13
-1c8
Convert 1012201 (base 3) to base 15.
3dd
100000110100 (base 2) to base 3
2212210
What is -200101 (base 3) in base 10?
-496
100001 (base 3) to base 13
15a
759 (base 13) to base 8
2351
What is -1978 (base 10) in base 14?
-a14
What is -16231 (base 7) in base 4?
-1013203
Convert 3c2 (base 16) to base 2.
1111000010
What is 17a4 (base 13) in base 6?
24134
What is -3301 (base 4) in base 16?
-f1
What is 1230 (base 5) in base 8?
276
Convert -110110001101010 (base 2) to base 9.
-42057
7764 (base 9) to base 13
27b8
Convert -133211 (base 4) to base 15.
-8eb
What is 18b (base 13) in base 5?
2114
Convert 2113 (base 8) to base 5.
13344
Convert -162c (base 13) to base 15.
-e69
What is -2584 (base 11) in base 12?
-1b3b
5013 (base 7) to base 11
1329
Convert 49c (base 14) to base 10.
922
What is 1841 (base 10) in base 9?
2465
What is cc8 (base 15) in base 8?
5510
Convert -12453 (base 6) to base 10.
-1905
-1a004 (base 12) to base 14
-dbda
Convert 7746 (base 8) to base 6.
30502
What is -15154 (base 6) in base 9?
-3317
Convert 658 (base 12) to base 5.
12212
What is -7353 (base 10) in base 7?
-30303
What is -c527 (base 13) in base 8?
-65152
41ca (base 14) to base 8
26126
What is -110213 (base 4) in base 14?
-6a3
Convert -100101110110101 (base 2) to base 12.
-b271
Convert -12736 (base 11) to base 6.
-220113
What is 234341 (base 5) in base 7?
34266
Convert b0 (base 12) to base 4.
2010
What is -960 (base 14) in base 9?
-2473
4224 (base 6) to base 15
437
Convert -3531 (base 6) to base 12.
-5a7
3211102 (base 4) to base 8
34522
Convert 1011010111010 (base 2) to base 10.
5818
What is 34777 (base 8) in base 11?
10178
What is 412 (base 12) in base 4?
21032
What is -310 (base 16) in base 4?
-30100
73 (base 11) to base 10
80
2340 (base 6) to base 14
2c4
Convert -11002 (base 4) to base 2.
-101000010
Convert 1716 (base 15) to base 8.
11553
Convert 683 (base 9) to base 5.
4221
-101110011110010 (base 2) to base 5
-1230134
10756 (base 10) to base 2
10101000000100
1055222 (base 6) to base 10
54302
What is -233 (base 12) in base 11?
-278
Convert -22021122 (base 3) to base 6.
-43542
Convert 6ca5 (base 13) to base 3.
210001100
-27 (base 11) to base 7
-41
What is 100043 (base 6) in base 16?
1e7b
Convert 30630 (base 7) to base 10.
7518
3101020 (base 5) to base 9
75685
112200 (base 3) to base 14
204
Convert 2863 (base 11) to base 6.
25043
Convert 1ddd (base 15) to base 7.
24655
10023 (base 4) to base 5
2032
Convert -3a1 (base 16) to base 2.
-1110100001
Conv